n divisor of 505 and 516445.
5
Calculate the highest common factor of 8906870 and 3710.
70
Calculate the greatest common factor of 27280420 and 1516.
1516
What is the greatest common divisor of 326605 and 15853?
83
Calculate the greatest common divisor of 2728888547 and 19.
19
Calculate the greatest common divisor of 9275002 and 988.
38
Calculate the highest common divisor of 96425223 and 48993.
6999
What is the greatest common divisor of 603 and 24291801?
9
Calculate the greatest common divisor of 519744 and 11904.
192
Calculate the highest common divisor of 425847852 and 48.
12
What is the greatest common divisor of 54243378 and 378?
378
Calculate the highest common divisor of 80213074 and 7530.
502
What is the greatest common factor of 4002688848 and 16?
16
Calculate the greatest common divisor of 135693530 and 14.
14
What is the greatest common factor of 10808263 and 277?
277
Calculate the highest common factor of 10052685 and 242742.
5277
Calculate the greatest common factor of 1007695840 and 40.
40
What is the highest common factor of 79362 and 792?
18
What is the greatest common divisor of 385888 and 3100?
124
Calculate the greatest common divisor of 13513635 and 45.
45
Calculate the greatest common factor of 5292463 and 1991.
11
What is the highest common factor of 119124 and 322731?
27
What is the highest common divisor of 12369 and 352545?
57
What is the highest common divisor of 4424498 and 334?
334
What is the highest common factor of 8675354 and 738?
82
Calculate the highest common divisor of 695401 and 73472.
287
What is the highest common divisor of 84274800 and 192?
48
What is the highest common divisor of 4331 and 2333433?
61
What is the highest common divisor of 24095796 and 60?
12
Calculate the highest common divisor of 1764 and 161748.
36
What is the highest common factor of 9179 and 7169?
67
What is the highest common factor of 6448 and 23893064?
3224
Calculate the highest common divisor of 223249188 and 1212.
1212
What is the greatest common divisor of 2125 and 35472625?
2125
What is the highest common divisor of 5 and 12798155?
5
What is the highest common factor of 4183 and 2103515?
89
Calculate the highest common factor of 49 and 866803.
7
What is the highest common divisor of 455 and 23352420?
455
Calculate the highest common divisor of 5391 and 2600740596.
1797
What is the highest common divisor of 1179 and 3817728?
9
What is the greatest common divisor of 2388331 and 737?
11
What is the highest common factor of 2228 and 303090?
2
Calculate the highest common factor of 7894326 and 5786.
22
Calculate the highest common factor of 329670 and 1070410.
4070
Calculate the highest common divisor of 408 and 872967.
51
What is the highest common divisor of 3400 and 17739200?
200
Calculate the greatest common factor of 36 and 7819884.
36
What is the highest common factor of 5423 and 17603?
29
What is the greatest common divisor of 8766186 and 34034?
4862
Calculate the greatest common divisor of 920 and 1647030.
230
What is the highest common divisor of 8 and 104553580?
4
What is the highest common divisor of 55432 and 635102?
338
Calculate the highest common divisor of 7839 and 12207.
39
Calculate the greatest common factor of 121078275 and 50.
25
What is the highest common divisor of 80750 and 850782?
646
Calculate the greatest common divisor of 45645389 and 2.
1
What is the greatest common divisor of 7725 and 31605550?
2575
Calculate the greatest common divisor of 29490063 and 426.
213
Calculate the greatest common divisor of 150430 and 271705.
245
What is the highest common divisor of 6231 and 48441?
201
Calculate the greatest common divisor of 1265 and 19875.
5
Calculate the highest common factor of 5715 and 18187035.
1905
Calculate the highest common factor of 18336570 and 1722.
42
Calculate the highest common factor of 30170420 and 448.
28
Calculate the highest common divisor of 572 and 2108612.
44
Calculate the greatest common factor of 7757076 and 4320.
12
What is the greatest common factor of 2983344 and 1848?
168
Calculate the highest common divisor of 84 and 43388961.
21
Calculate the greatest common factor of 1918208 and 153416.
1016
What is the highest common divisor of 191361918 and 3930?
786
What is the highest common divisor of 230338 and 10229?
53
Calculate the highest common factor of 813 and 274436280.
813
What is the greatest common factor of 98016807 and 441?
147
What is the greatest common divisor of 52 and 31074212?
52
What is the highest common divisor of 494217963 and 43?
43
What is the greatest common divisor of 124100 and 4789019?
1241
What is the greatest common factor of 456 and 12022912?
8
Calculate the highest common divisor of 20675755 and 5.
5
What is the greatest common divisor of 4641 and 17262259?
119
What is the greatest common divisor of 57 and 18957991?
19
What is the highest common factor of 82 and 195395340?
82
What is the greatest common divisor of 34820 and 6530?
10
Calculate the greatest common divisor of 2010 and 67965738.
402
What is the highest common divisor of 8890 and 1402842?
1778
Calculate the greatest common divisor of 2367 and 757773.
9
What is the highest common factor of 126596720 and 160?
80
Calculate the highest common factor of 156 and 672802.
26
Calculate the greatest common factor of 2184 and 137870096.
728
What is the greatest common divisor of 330 and 19164024?
66
Calculate the highest common factor of 318 and 357222.
6
What is the highest common divisor of 7931 and 10491271?
721
What is the greatest common factor of 203 and 17481229?
29
What is the greatest common factor of 75180675 and 8405?
205
Calculate the greatest common factor of 2750 and 287150.
50
What is the highest common divisor of 669 and 108418809?
669
What is the highest common factor of 1701 and 108324027?
189
Calculate the highest common factor of 931 and 80213.
49
What is the greatest common factor of 3108 and 286225562?
518
Calculate the greatest common factor of 2893776 and 21432.
456
What is the greatest common divisor of 2559766 and 3790?
758
Calculate the greatest common divisor of 19501187 and 16043.
263
What is the highest common factor of 1231844 and 76580?
2188
Calculate the highest common divisor of 150482766 and 336.
42
What is the highest common divisor of 43605399 and 1653?
57
What is the highest common divisor of 84253829 and 59?
59
What is the highest common divisor of 341382096 and 352?
176
Calculate the greatest common divisor of 28122 and 1480002.
654
What is the highest common factor of 26855850 and 780?
30
Calculate the greatest common divisor of 32152913 and 169.
13
Calculate the greatest common divisor of 8125 and 926185.
65
Calculate the highest common factor of 5713632 and 2160.
432
What is the greatest common factor of 580 and 35299380?
580
What is the greatest common factor of 163992 and 21?
3
Calculate the highest common divisor of 1456 and 26825968.
208
Calculate the highest common divisor of 1804607 and 24353.
497
What is the greatest common divisor of 450 and 403830?
90
What is the greatest common factor of 95754506 and 137?
137
Calculate the greatest common factor of 1238616 and 600.
24
What is the highest common factor of 33614132 and 232?
116
What is the highest common divisor of 199777607 and 2276?
569
What is the greatest common factor of 5218563 and 956760?
1407
What is the highest common divisor of 6304282 and 185?
37
What is the greatest common factor of 7752 and 5068992?
408
What is the greatest common divisor of 2770 and 18233802?
554
What is the highest common factor of 94373 and 76?
19
Calculate the greatest common divisor of 19634 and 1940.
2
Calculate the greatest common factor of 111701 and 25384.
19
Calculate the highest common factor of 181548 and 163221.
123
Calculate the greatest common divisor of 22650 and 245100.
150
Calculate the highest common divisor of 26629529 and 185.
37
What is the highest common factor of 87 and 1107857478?
87
What is the greatest common divisor of 558205868 and 77?
11
What is the highest common factor of 5126 and 31070550?
466
Calculate the highest common divisor of 274664 and 236717.
1807
What is the greatest common divisor of 19 and 952278?
1
What is the highest common factor of 79237 and 2930426?
1343
What is the 